
What is the highest common divisor of 6752 and 32494?
422
What is the highest common factor of 192117 and 51?
51
Calculate the greatest common factor of 288 and 58336.
32
What is the greatest common factor of 1536 and 2976?
96
What is the highest common factor of 62080 and 512?
128
What is the highest common divisor of 13959 and 10395?
297
What is the greatest common factor of 244 and 26291?
61
Calculate the highest common divisor of 310 and 130820.
310
Calculate the highest common divisor of 125 and 33500.
125
What is the greatest common factor of 42755 and 595?
85
Calculate the greatest common factor of 2011739 and 19.
19
What is the greatest common factor of 1219 and 253658?
53
What is the highest common divisor of 2340 and 23580?
180
What is the highest common factor of 102429 and 1539?
171
Calculate the highest common divisor of 1708630 and 140.
70
What is the greatest common divisor of 4235 and 31969?
7
What is the greatest common divisor of 230 and 57362?
46
What is the highest common divisor of 2275 and 298675?
325
Calculate the highest common divisor of 144 and 212031.
9
Calculate the highest common divisor of 63 and 13783.
7
What is the highest common divisor of 12 and 187764?
12
What is the greatest common factor of 13608 and 2968?
56
Calculate the greatest common factor of 45 and 35253.
9
Calculate the highest common divisor of 3110 and 290.
10
What is the greatest common divisor of 532 and 5396?
76
What is the highest common factor of 4148 and 4964?
68
Calculate the greatest common factor of 6454287 and 159.
159
Calculate the highest common divisor of 53213 and 508.
127
What is the highest common divisor of 5684414 and 719?
719
Calculate the highest common divisor of 513 and 16397.
19
Calculate the highest common factor of 609 and 35.
7
What is the greatest common factor of 660957 and 165?
33
What is the greatest common divisor of 467 and 7504223?
467
Calculate the greatest common divisor of 1320 and 45584.
88
What is the greatest common divisor of 7 and 159257?
7
What is the highest common divisor of 130 and 77545?
65
Calculate the highest common divisor of 188 and 6796.
4
What is the highest common divisor of 12 and 4962?
6
Calculate the highest common factor of 97640 and 640.
40
Calculate the highest common divisor of 180505 and 260.
65
Calculate the greatest common factor of 480 and 1555680.
480
What is the greatest common factor of 4750 and 1235?
95
What is the greatest common factor of 158 and 1950194?
158
What is the highest common divisor of 8 and 341880?
8
What is the highest common divisor of 6 and 54438?
6
What is the greatest common factor of 37008 and 432?
144
What is the greatest common divisor of 510896 and 74?
74
What is the greatest common factor of 129 and 1640493?
129
What is the highest common divisor of 408 and 3315?
51
Calculate the greatest common factor of 121 and 835021.
121
What is the highest common divisor of 1099 and 355448?
157
What is the highest common factor of 65 and 104832?
13
Calculate the greatest common factor of 11 and 10271624.
11
Calculate the greatest common factor of 716 and 82698.
358
What is the greatest common factor of 155207 and 130?
13
Calculate the highest common divisor of 9622 and 5100.
34
What is the greatest common divisor of 2605 and 145?
5
Calculate the greatest common divisor of 3181721 and 95.
19
What is the greatest common factor of 45 and 129180?
15
Calculate the greatest common divisor of 240 and 516816.
48
What is the greatest common divisor of 4 and 456?
4
Calculate the greatest common divisor of 32139 and 117.
9
Calculate the highest common factor of 8970 and 667.
23
What is the greatest common divisor of 14982 and 1254?
66
What is the highest common factor of 16742 and 11?
11
Calculate the highest common factor of 39040 and 8784.
976
Calculate the greatest common factor of 258486 and 1608.
402
Calculate the greatest common factor of 136 and 429522.
34
What is the highest common divisor of 32474 and 234?
26
Calculate the highest common factor of 37 and 38850.
37
Calculate the greatest common divisor of 506196 and 5504.
172
What is the greatest common divisor of 44 and 4609?
11
What is the greatest common factor of 1545282 and 18?
18
Calculate the highest common divisor of 16584 and 36.
12
What is the greatest common factor of 5785 and 1514513?
1157
What is the highest common factor of 107184 and 840?
168
Calculate the highest common divisor of 142 and 508218.
142
What is the highest common divisor of 14208 and 1099344?
1776
Calculate the greatest common divisor of 6119665 and 131.
131
What is the highest common divisor of 46282 and 50086?
634
What is the highest common divisor of 711 and 369?
9
What is the highest common factor of 357672 and 1512?
168
What is the greatest common divisor of 46520 and 720?
40
What is the highest common divisor of 2659838 and 118?
118
What is the greatest common divisor of 4878 and 315986?
542
Calculate the highest common divisor of 1246875 and 1050.
525
What is the highest common factor of 197670 and 462?
66
What is the highest common divisor of 161 and 289800?
161
What is the highest common divisor of 3003 and 284427?
429
Calculate the highest common factor of 4550 and 1786850.
650
Calculate the highest common divisor of 42628 and 36.
4
What is the greatest common divisor of 428340 and 177?
177
Calculate the highest common divisor of 68950 and 350.
350
What is the greatest common factor of 289738 and 3170?
634
What is the greatest common divisor of 6311 and 1?
1
What is the highest common divisor of 82519 and 1432?
179
What is the highest common divisor of 90 and 186?
6
Calculate the highest common factor of 169112 and 108.
4
Calculate the greatest common divisor of 8 and 7763.
1
What is the greatest common factor of 5617 and 410?
41
What is the highest common factor of 8959 and 2363?
17
What is the highest common factor of 929520 and 1008?
144
What is the highest common divisor of 75669 and 99?
33
What is the highest common factor of 1657269 and 2403?
801
What is the greatest common factor of 880 and 36360?
40
Calculate the greatest common factor of 1 and 32.
1
Calculate the highest common factor of 17545 and 381205.
1595
Calculate the highest common divisor of 18 and 14316.
6
Calculate the greatest common factor of 27413 and 316.
79
What is the highest common divisor of 706735 and 4815?
535
What is the highest common divisor of 8225 and 7700?
175
Calculate the greatest common divisor of 254163 and 546.
273
What is the highest common divisor of 35 and 278495?
35
Calculate the greatest common divisor of 178555 and 7705.
335
Calculate the highest common factor of 430 and 1064465.
215
What is the highest common factor of 300 and 512460?
60
Calculate the highest common divisor of 762 and 528828.
762
Calculate the highest common divisor of 49 and 3653489.
49
Calculate the greatest common divisor of 708 and 8083.
59
Calculate the highest common factor of 4602 and 231.
3
Calculate the highest common factor of 13 and 7.
1
Calculate the highest common divisor of 263010 and 330.
330
Calculate the greatest common divisor of 2862 and 157887.
477
Calculate the greatest common factor of 1082 and 205039.
541
Calculate the greatest common divisor of 156 and 16094.
26
What is the greatest common divisor of 387 and 27?
9
Calculate the greatest common factor of 578200 and 400.
200
Calculate the highest common divisor of 1243601 and 2674.
191
Calculate the greatest common divisor of 59080 and 19040.
280
Calculate the greatest common divisor of 47540 and 80.
20
Calculate the greatest common divisor of 8248969 and 271.
271
Calculate the greatest common divisor of 34036 and 508.
508
What is the greatest common factor of 367258 and 47?
47
What is the greatest common divisor of 5568130 and 1010?
1010
Calculate the highest common divisor of 9089262 and 819.
819
Calculate the greatest common divisor of 98 and 202958.
98
What is the highest common divisor of 31085 and 25?
5
What is the highest common divisor of 366 and 30804?
6
Calculate the greatest common factor of 595 and 2310.
35
What is the greatest common divisor of 1175 and 205?
5
Calculate the greatest common factor of 1131584 and 32.
32
What is the greatest common divisor of 9378 and 382414?
1042
